{"id":348,"date":"2020-10-12T21:24:21","date_gmt":"2020-10-12T21:24:21","guid":{"rendered":"http:\/\/fresenspegel.de\/?page_id=348"},"modified":"2020-11-29T21:20:02","modified_gmt":"2020-11-29T21:20:02","slug":"impressum","status":"publish","type":"page","link":"https:\/\/fresenspegel.de\/?page_id=348","title":{"rendered":"Impressum"},"content":{"rendered":"\n<p><strong>Hans-Joachim Steinsiek<br>Journalist und Autor<br>Cankebeerstr. 55<br>D-26553 Dornum-Ostdorf<\/strong><\/p>\n\n\n\n<p>Tel.: 0179-4555464<br>erle@verlag-steinsiek.de<br>http:\/\/www.essenruhr.de<\/p>\n\n\n\n<p><strong>Jerra Steinsiek<br>Journalistin<br>Essen<\/strong><\/p>\n\n\n\n<p><strong>Internet<\/strong><br>http:\/\/www.die-erle.de<br>http:\/\/www.essenruhr.de<br>u. a.<\/p>\n\n\n\n<p><strong>Politik international, Resort Reisen, Touristik<\/strong><br><strong>Medizin und Soziales:<\/strong><br><strong>Hay-Sook Steinsiek, Journalistin<\/strong><br><strong>Essen<\/strong><\/p>\n\n\n\n<p><strong>Internet<\/strong><br>http:\/\/www.die-erle.de<br>http:\/\/essenruhr.de<br>u. a.<\/p>\n\n\n\n<p><strong>Copyright<\/strong><br>Vervielf\u00e4ltigungen jeder Art sind nur mit ausdr\u00fccklicher Genehmigung des Verlags gestattet. Die Aufnahme in Online-Dienste und Internet sowie die Vervielf\u00e4ltigung auf Datentr\u00e4ger d\u00fcrfen nur nach vorheriger schriftlicher Zustimmung des Verlags erfolgen.<br>Die Urheberrechte an den auf diesen Seiten gezeigten Bildern liegen bei uns, bzw. den bezeichneten Fotografen.<\/p>\n\n\n\n<p><strong>Haftung<\/strong><br>Die Beitr\u00e4ge und Inhalte unserer Seiten werden mit Sorgfalt recherchiert. Dennoch wird eine Haftung ausgeschlossen.<\/p>\n\n\n\n<p><strong>Wichtiger Hinweis zu allen Links<\/strong><br>Der Inhaber dieser Seite ist nicht f\u00fcr die Inhalte fremder Seiten verantwortlich, die \u00fcber einen Link erreicht werden. Diese Erkl\u00e4rung gilt f\u00fcr alle auf dieser Homepage angebrachten Links, die nicht auf Webseiten des Verlags weisen.<\/p>\n","protected":false},"excerpt":{"rendered":"<p>Hans-Joachim SteinsiekJournalist und AutorCankebeerstr. 55D-26553 Dornum-Ostdorf Tel.: 0179-4555464erle@verlag-steinsiek.dehttp:\/\/www.essenruhr.de Jerra SteinsiekJournalistinEssen Internethttp:\/\/www.die-erle.dehttp:\/\/www.essenruhr.deu. a. Politik international, Resort Reisen, TouristikMedizin und Soziales:Hay-Sook Steinsiek, JournalistinEssen Internethttp:\/\/www.die-erle.dehttp:\/\/essenruhr.deu. a. CopyrightVervielf\u00e4ltigungen jeder Art sind nur mit ausdr\u00fccklicher Genehmigung des Verlags gestattet. Die Aufnahme in Online-Dienste und Internet sowie die Vervielf\u00e4ltigung auf Datentr\u00e4ger d\u00fcrfen nur nach vorheriger schriftlicher Zustimmung des Verlags erfolgen.Die Urheberrechte [&hellip;]<\/p>\n","protected":false},"author":1,"featured_media":0,"parent":0,"menu_order":0,"comment_status":"closed","ping_status":"closed","template":"","meta":{"footnotes":""},"class_list":["post-348","page","type-page","status-publish","hentry"],"_links":{"self":[{"href":"https:\/\/fresenspegel.de\/index.php?rest_route=\/wp\/v2\/pages\/348","targetHints":{"allow":["GET"]}}],"collection":[{"href":"https:\/\/fresenspegel.de\/index.php?rest_route=\/wp\/v2\/pages"}],"about":[{"href":"https:\/\/fresenspegel.de\/index.php?rest_route=\/wp\/v2\/types\/page"}],"author":[{"embeddable":true,"href":"https:\/\/fresenspegel.de\/index.php?rest_route=\/wp\/v2\/users\/1"}],"replies":[{"embeddable":true,"href":"https:\/\/fresenspegel.de\/index.php?rest_route=%2Fwp%2Fv2%2Fcomments&post=348"}],"version-history":[{"count":3,"href":"https:\/\/fresenspegel.de\/index.php?rest_route=\/wp\/v2\/pages\/348\/revisions"}],"predecessor-version":[{"id":363,"href":"https:\/\/fresenspegel.de\/index.php?rest_route=\/wp\/v2\/pages\/348\/revisions\/363"}],"wp:attachment":[{"href":"https:\/\/fresenspegel.de\/index.php?rest_route=%2Fwp%2Fv2%2Fmedia&parent=348"}],"curies":[{"name":"wp","href":"https:\/\/api.w.org\/{rel}","templated":true}]}}